{"id":238,"date":"2025-12-25T20:22:06","date_gmt":"2025-12-25T23:22:06","guid":{"rendered":"https:\/\/victorlopes.jor.br\/?page_id=238"},"modified":"2025-12-27T12:45:58","modified_gmt":"2025-12-27T15:45:58","slug":"em-construcao","status":"publish","type":"page","link":"https:\/\/victorlopes.jor.br\/","title":{"rendered":"Em Constru\u00e7\u00e3o"},"content":{"rendered":"<h1>Minha marca est\u00e1 em movimento.<\/h1>\n<p>Estrat\u00e9gia, branding e identidade n\u00e3o nascem prontas \u2014 <strong>evoluem<\/strong>.<br data-start=\"1027\" data-end=\"1030\" \/>Este espa\u00e7o reflete esse processo.<\/p>\n<p>\t\t\t\t\t<a href=\"mailto:oi@victorlopes.jor.br\"><br \/>\n\t\t\t\t\t\t\t\t\tEnviar e-mail<br \/>\n\t\t\t\t\t<\/a><br \/>\n\t\t\t\t\t\t\t\t\t\t\t\t\t\t\t<img decoding=\"async\" src=\"https:\/\/victorlopes.jor.br\/wp-content\/uploads\/elementor\/thumbs\/avatar-branco@2x-rfoy8tyuf4av9vfu31l4lkdng3zy3m43yjfbd17vgg.png\" title=\"avatar-branco@2x\" alt=\"avatar-branco@2x\" loading=\"lazy\" \/><\/p>\n","protected":false},"excerpt":{"rendered":"<p>Minha marca est\u00e1 em movimento. Estrat\u00e9gia, branding e identidade n\u00e3o nascem prontas \u2014 evoluem.Este espa\u00e7o reflete esse processo. Enviar e-mail<\/p>\n","protected":false},"author":1,"featured_media":0,"parent":0,"menu_order":0,"comment_status":"closed","ping_status":"closed","template":"elementor_canvas","meta":{"footnotes":""},"class_list":["post-238","page","type-page","status-publish","hentry"],"_links":{"self":[{"href":"https:\/\/victorlopes.jor.br\/index.php\/wp-json\/wp\/v2\/pages\/238","targetHints":{"allow":["GET"]}}],"collection":[{"href":"https:\/\/victorlopes.jor.br\/index.php\/wp-json\/wp\/v2\/pages"}],"about":[{"href":"https:\/\/victorlopes.jor.br\/index.php\/wp-json\/wp\/v2\/types\/page"}],"author":[{"embeddable":true,"href":"https:\/\/victorlopes.jor.br\/index.php\/wp-json\/wp\/v2\/users\/1"}],"replies":[{"embeddable":true,"href":"https:\/\/victorlopes.jor.br\/index.php\/wp-json\/wp\/v2\/comments?post=238"}],"version-history":[{"count":28,"href":"https:\/\/victorlopes.jor.br\/index.php\/wp-json\/wp\/v2\/pages\/238\/revisions"}],"predecessor-version":[{"id":347,"href":"https:\/\/victorlopes.jor.br\/index.php\/wp-json\/wp\/v2\/pages\/238\/revisions\/347"}],"wp:attachment":[{"href":"https:\/\/victorlopes.jor.br\/index.php\/wp-json\/wp\/v2\/media?parent=238"}],"curies":[{"name":"wp","href":"https:\/\/api.w.org\/{rel}","templated":true}]}}